Let z(r) = -98. Let t(s) = -s + 40. Let a(q) = -3*t(q) - z(q). Determine a(11).
11
Let j(h) = -4*h**3 - 2*h**2 + 7*h + 1. Let f(b) = -5*b**3 - 4*b**2 + 7*b + 3. Let n(d) = 3*f(d) - 4*j(d). Give n(5).
-5
Let v(f) = -20*f**2 + 7*f - 8*f + 26*f**2 + 6 + 6*f. Give v(-5).
131
Let h(r) = 109*r - 28. Let g(z) = 84*z - 21. Let s(t) = -9*g(t) + 7*h(t). What is s(7)?
42
Suppose -c - 3*s + 13 = 2*s, -5*c = 4*s - 23. Let q be -8 + c/(6/4). Let d(r) be the first derivative of r**3/3 + 4*r**2 + 9*r + 165. Calculate d(q).
-3
Let h(o) = -8*o**2 - o + 1. Let x(w) = w**3 - 9*w**2 - w + 10. Let b be 20/(-7)*(-7)/2. Suppose -2*n + b = -8. Let d be x(n). Determine h(d).
-8
Let i(l) = 46*l**2 - 95*l + 9. Let u(n) = 49*n**2 - 117*n + 10. Let w(d) = 5*i(d) - 4*u(d). Calculate w(1).
32
Let y(z) be the third derivative of -z**4/12 + 13*z**3/3 + 8944*z**2. Determine y(19).
-12
Let f(n) be the third derivative of -105*n**2 - 1/3*n**3 + 1/12*n**4 - 1/4*n**5 + 0 + 0*n. What is f(1)?
-15
Let g(n) = n - 32. Let x = -1231 - -1248. Determine g(x).
-15
Let g(n) = -n**2 - n + 12. Let a be g(5). Let m be (-32)/a + -2 + 909/81. Let d(u) = m*u - 23*u - u**3 + 8*u + 1 + 4*u**2. Calculate d(3).
-2
Let i(r) = 3*r**2 - 95*r - 50. Let z(o) = o**2 - 27*o - 16. Let c(u) = 2*i(u) - 7*z(u). Determine c(5).
-18
Let b(u) = -u**2 + u + 1. Let m(s) = 4*s**2 + 8*s - 22. Let d(y) = -5*b(y) - m(y). Suppose 376*c = 370*c + 18. Suppose c*a - 96 = -5*a. Give d(a).
5
Suppose 60 = -4*n + 2*q, 18*n - 17*n = 3*q - 15. Let y(z) = 4*z + 73. What is y(n)?
13
Let o = -16133 - -16135. Let z(i) be the third derivative of -1/12*i**4 + 0*i + 0 - 21*i**o - 1/3*i**3. Calculate z(-5).
8
Let o(x) = -2*x + 4. Let y(a) = -6*a**2 - 3*a - 11. Let h be y(-3). Suppose v = -2, 2*b + 4*v - 96 = 4*b. Let m = b - h. What is o(m)?
-4
Let f(c) = -4*c - 9. Let t(y) = 7*y + 17. Let q(w) = -5*f(w) - 3*t(w). Let l be q(-4). Let u be 3*l/15 - (-22)/55. Let m(k) = k**2 - k - 12. What is m(u)?
-12
Let p(w) = 2*w**3 + 37*w**2 + 49*w - 30. Let n be (1/6)/((-478)/48756). Calculate p(n).
4
Let i(a) = 69*a - 10. Let p(l) = -53*l + 7. Let o(r) = 3*i(r) + 4*p(r). Calculate o(-5).
23
Suppose -y + 4*v + 0*v - 19 = 0, -4*v = -3*y - 73. Let f(o) = 3*o + 80. Let c be f(y). Let z(j) = j**2 + j**3 - 5*j - 2*j**2 + 3*j - 1. Determine z(c).
-1
Let r(j) = -5*j - 7. Let m = 1504 + -1509. What is r(m)?
18
Let h(g) = 5*g - 6. Let q(z) = 5*z - 8. Let m = 207 + -210. Let d(f) = m*h(f) + 2*q(f). Give d(-2).
12
Let l(w) = -w**3 + 10*w**2 - 8*w - 7. Let u = 42 + -106. Let g = -76 - u. Let o be (-2 - -1)/(g/108). Give l(o).
2
Let k(o) = 5*o**3 - 9*o**2 + 7*o - 10. Let s(w) = 10*w**3 - 20*w**2 + 15*w - 23. Let m(i) = 5*k(i) - 2*s(i). What is m(3)?
101
Let h be 6/138 - (-2088)/(-414). Let y be 1/(-3)*(-9)/1. Let g(k) = 3 + 3*k - y + k**2. Calculate g(h).
10
Suppose -4*h + 2*h = 12. Let p(l) = -11*l**2 + 95*l + 23. Let i(t) = 4*t**2 - 33*t - 8. Let c(k) = 17*i(k) + 6*p(k). Determine c(h).
20
Suppose -r + 24 + 858 = -3*t, 4*r - 1470 = 5*t. Let g = t + 308. Let y(n) = -n**2 + 12*n + 27. Give y(g).
-1
Let u(m) = 41*m + 14. Let d(j) = -19 - 14*j - 39 - 21*j + 45. Let v(g) = 6*d(g) + 5*u(g). What is v(-6)?
22
Let t be (-1)/1 + (-3 - -10). Let z(o) = o**3 + 9*o**2 - 12*o + 16. Let g be z(-9). Let c(a) = -45*a + g*a + 2 - 44*a - 43*a + a**2. Calculate c(t).
-10
Let u(r) = -2*r + 15. Let g(h) = 5*h - 31. Let p(q) = -6*g(q) - 13*u(q). Suppose 68*m = 90*m + 154. Give p(m).
19
Suppose -32*j - 3 = -31*j. Let s(z) = 19*z + 122 - 117 + z**2 - 13*z. Calculate s(j).
-4
Let m(z) = 3*z - 2. Let y(h) = 10*h**2 - 20*h - 26. Let s(v) = -3*v**2 + 6*v + 8. Let k(l) = 7*s(l) + 2*y(l). Let x be k(-2). Calculate m(x).
-14
Let g(t) = -t**3 - 4*t**2 + 4*t + 3. Suppose -5*n = 5 - 15. Suppose 0 = -2*p - 3*a + 67 - 16, n*p - 3*a - 45 = 0. Let v = 19 - p. Determine g(v).
8
Let z(s) = -5*s + 70. Let h be z(13). Suppose -2 = 2*v, 4*v - 7 = h*f + 4. Let g(k) = -3*k + 4. What is g(f)?
13
Let j(i) = -i**2 + 4*i + 1. Let f be j(6). Let k(p) be the second derivative of p**4/12 + 13*p**3/6 + 9*p**2/2 + 12043*p. What is k(f)?
-13
Let j(b) = 4*b**2 + 3*b + 10. Let l(x) = -5*x**2 + 230*x - 227. Let f be l(45). Determine j(f).
20
Let d(h) = -8*h - 13. Suppose -5 = 4*z - 3*z - 2*u, -5*z - 37 = 2*u. Determine d(z).
43
Let y(p) = -5*p - 7. Let o(j) = -3*j**2 + 49*j + 34. Let n be o(17). Let k be ((-13)/(-3) - n) + 14/21. What is y(k)?
-32
Suppose 22*j + 11*j = -4*j - 111. Let t(l) = -3*l + 7*l - l - 3 - l. What is t(j)?
-9
Let o(j) = j**2 + 10*j + 27. Let t = -906 + 895. Calculate o(t).
38
Let t be (-168)/(-40) - 12/60. Let i(l) = -107*l + 424. Calculate i(t).
-4
Let l(y) be the second derivative of y**4/24 + y**3/6 - 106*y**2 - 256*y. Let d(q) be the first derivative of l(q). What is d(-6)?
-5
Let i(j) = -2*j + 27. Suppose -196*l - 2430 + 90 = 194*l. Determine i(l).
39
Let a(z) = 23*z + 39. Let o(x) = 10*x + 8. Let d be o(-1). Let w be a(d). Let f(i) = 7*i - 2. Let c(m) = -m. Let s(r) = -6*c(r) - f(r). Calculate s(w).
9
Let l(t) be the third derivative of t**2 + 0*t + 2/3*t**3 - 1/8*t**4 - 62 - 1/30*t**5. What is l(-3)?
-5
Suppose 0 = -23*k - 69*k - 18*k - 110. Let g(x) = 11*x**3 + 5*x**2 + 7*x + 5. Give g(k).
-8
Suppose -k - 19 = -2*f, 5*f - 5*k - 22 - 13 = 0. Let m = 103 + -98. Let h(v) = 6*v + 2 + 10*v + m - 17*v. Give h(f).
-5
Suppose 10*b + 5 = 35. Let s(d) = b - 4 - d**2 - 87*d + 82*d. Determine s(-4).
3
Let c(a) = -a**2 - 8*a - 6. Let b = -120 + 246. Suppose -w - 6*w + b = 0. Suppose 26*p = 29*p + w. Give c(p).
6
Let t(c) be the first derivative of -c**3/3 - 3*c**2/2 + 45*c + 1514. Determine t(-8).
5
Let f(t) = -t + 1. Let h be f(0). Suppose -4*d + 0*d = -d. Let g(w) = h + d*w - w + 0 + 0. Determine g(3).
-2
Let c = 22 + -25. Let g be -1*((-9)/c - 0). Let j(n) = 2*n. Calculate j(g).
-6
Let q(z) = 141231*z + 261 - 70575*z - 70601*z. Give q(-5).
-14
Let l(f) = -f + 12. Suppose 0 = 11*x - 12*x + 12. Suppose 3*i - 2*i - 5*v + 9 = 0, -4*v = -4*i + x. Suppose -i = -11*r + 71. Calculate l(r).
5
Let r(d) = -d**3 + 8*d**2 - 11*d + 12. Suppose -n + 3*j + 10 = 0, -210*j - 17 = -3*n - 214*j. What is r(n)?
-16
Let j(t) = 36*t**3 - 24*t**2 + 40*t - 8. Let q(u) = 31*u**3 - 22*u**2 + 36*u - 8. Let p(z) = 6*j(z) - 7*q(z). Calculate p(10).
-112
Let h = -394 + 400. Let t(g) = 26*g**2 - 7*g - 5. Let o(q) = 56*q**2 - 15*q - 11. Let y(v) = h*o(v) - 13*t(v). Calculate y(-2).
-11
Suppose 0*m + 16 = 3*m - c, 2*m = 5*c + 28. Let q(k) = -m*k + 47 - 47. Determine q(2).
-8
Let w(c) = c**3 - 6*c**2 + 2*c + 2. Suppose -2*y + 3*f = -25, 4*y - 6*f + 10*f = 0. Suppose y*t + z - 6 = 0, 16*z - 12*z = -t - 14. Calculate w(t).
-10
Let z(m) be the first derivative of -1/3*m**3 - 7/2*m**2 - 8*m - 60. Calculate z(-6).
-2
Suppose 13*h = 12*h + 2. Let j(i) be the second derivative of -i**5/20 - i**4/4 + i**3/3 - i**2 - 5*i - 34. What is j(h)?
-18
Let l(x) be the first derivative of x**5/20 + 2*x**4/3 + 4*x**3/3 - x**2/2 + 10*x + 109. Let q(i) be the first derivative of l(i). Give q(-7).
-8
Let y(k) = -k**3 + 3 - 3*k**2 - 2 + 1. Let o(p) = -43*p - 84. Let r be o(0). Let a be -8 + (r/(-22) - 38/(-209)). Calculate y(a).
18
Let b(v) = 3*v - 5*v + 3*v + 2*v + 3 - 3*v**2. Let k(z) = z**2 + z. Let j(n) = b(n) + 2*k(n). Suppose 0 = -4*q, 2*w + 3*w - 25 = -4*q. What is j(w)?
3
Let p(i) = 0 + 2 + 3*i - 5*i. Let b be 2/((14/201)/7). Let x = b - 207. Give p(x).
14
Let x(g) = 51*g - 138. Suppose 24*p - 375 = -303. Calculate x(p).
15
Let x(g) be the second derivative of 0*g**3 - 1/20*g**5 - 1 + 1/12*g**4 + 21*g + 0*g**2. Calculate x(-1).
2
Suppose 0 = g - 3*f - 36 + 20, -3*f = -2*g + 11. Let d(v) = -25*v - 124. Give d(g).
1
Let g(y) be the second derivative of 10*y**3/3 - 27*y**2/2 + 29*y. Suppose 2*t = -6 - 6. Let a(n) = -7*n + 9. Let l(b) = t*g(b) - 17*a(b). Determine l(0).
9
Let o be -1 + (-2)/(-2) - -3. Let c(s) = 5*s**3 - 10*s**2 - 2*s + 8. Let r(k) = 11*k**3 - 22*k**2 - 5*k + 18. Let g(b) = 13*c(b) - 6*r(b). Give g(o).
-1
Suppose 0*k - 2*j = 2*k - 10, 3*j = 4*k + 8. Suppose 2*l - k = -3*w + 4, -4*w = 2*l - 10. Let u(s) = 63*s + 49 - 22*s - 53 - 19*s - 21*s. Calculate u(w).
1
Let o(y) = -121*y - 3152. Let i be o(-26). Let b(w) = -w**2 - 14*w - 47. What is b(i)?
1
Let q(s) = -s**2 - 10*s - 8. Let w = 198 - 192. Let l be 24*w/(-9)*(-1)/(-2). Determi